
Let n(s) = -8*s + 24. Let f be n(9). Let v be (-9 + 2)/((-8)/f). Let i = v - -58. What are the prime factors of i?
2
Let b be (-2)/(-7)*(24 - 17). Suppose -b*n + 4*f + 310 = -240, 5*n - 4*f = 1363. List the prime factors of n.
271
Let k = 80 + -67. Suppose 3*r - 3*v - 5 = k, 4*v = -5*r + 30. What are the prime factors of (-1275)/20*(-16)/r?
2, 5, 17
Suppose -18*x + 187875 + 4735 = 4*x. What are the prime factors of x?
5, 17, 103
List the prime factors of ((-250)/(-100))/((-2)/(-6148)).
5, 29, 53
What are the prime factors of (-246)/4*((-801)/2670 - (-27971)/(-30))?
41, 1399
Let z(o) be the third derivative of o**5/60 - 5*o**4/12 + 19*o**3/6 - 3*o**2 + 10*o. What are the prime factors of z(14)?
3, 5
Let l be 1 - (-84)/5 - 20/(-100). Suppose 5*b = -3*g + 444, 4*g - l + 6 = 0. Let u = b + -80. List the prime factors of u.
7
Suppose 2*h + 4*j + 74 = 0, 5*j = -2*h + 7*j - 80. What are the prime factors of h/(((-30)/(-206))/(-5))?
13, 103
Let u(j) = -880*j - 2553. What are the prime factors of u(-16)?
11527
Suppose -8*y = -136 + 1120. Let j = 140 + y. What are the prime factors of j?
17
Let t be 86*(-6 + -3)/(-9). Suppose -74*a + t*a = 2028. List the prime factors of a.
13
Let a(h) = h + 35. Let j be a(-11). List the prime factors of j/(-72)*1/((-2)/2988).
2, 3, 83
Suppose -38*f + 3*h = -36*f - 13, 12 = -4*h. Suppose f*o - 1653 = -3*i, 5*i + 133 - 2888 = 2*o. What are the prime factors of i?
19, 29
Suppose -2*x + 4*z + 12938 = 0, 11*x - 10*x - 5*z = 6484. What are the prime factors of x?
3, 2153
Suppose -7*q = -3*q - 4. Let l be q/(-5)*-33 + (-4)/(-10). Let b = -1 + l. What are the prime factors of b?
2, 3
Suppose 9*r - 10*r = -266. Let m = -84 + r. List the prime factors of 8946/m + 4/(-26).
7
Suppose -9*j = 22*j + 3*j - 450840. List the prime factors of j.
2, 3, 5, 13, 17
List the prime factors of 18937/10 + 300/1000.
2, 947
List the prime factors of 15772 - (10 - (37 + -21)).
2, 7, 23
Suppose -2*t = 2*i - 10, -2*i + 3*i = -3*t + 13. Let l be -2 + 5 + 4/t*-1. Suppose 2*n = 5*k + 6*n - 556, k = -l*n + 110. What are the prime factors of k?
2, 7
Suppose -84*v + 106 = -86*v. Let d = 347 + v. What are the prime factors of d?
2, 3, 7
Suppose 5*s = 4*h + s - 2180, 2*h + 3*s - 1065 = 0. Suppose -31 - 23 = -9*d. Suppose -m - h = -d*m. List the prime factors of m.
2, 3
Suppose -2*h - 2 = -t, 3*t + 3*h = 2*h + 34. Suppose 0*v = -2*v + t. Suppose -4*z + v*i + 319 = 0, 5*z + 4*i - 584 = -175. List the prime factors of z.
3
Suppose 5*v + 4*l - 90657 = 0, -12*v = -10*v - 4*l - 36302. What are the prime factors of v?
7, 2591
Suppose 4*p = 3*b - 5, -4*p = 5*b - 2*b - 13. Suppose -b = i - s - 1, -4*i + 5*s - 4 = 0. List the prime factors of ((-5)/((-70)/(-21)))/(i/752).
2, 47
What are the prime factors of 19035/47*66/9?
2, 3, 5, 11
Let i = -10222 - -15690. List the prime factors of i.
2, 1367
Let s(h) = -3*h**2 + 4*h + 3. Let n be s(3). Let j be (1/2)/((-26)/n + -2). Suppose -270 = -3*b - p - 31, b + j*p = 69. List the prime factors of b.
3
Suppose -10*n = 5*n + 4950. What are the prime factors of ((-52)/10)/(6/n)?
2, 11, 13
Let t(i) = i**2 - 21*i - 11. Suppose 0 = -3*w - o - 30, 4*o = 12 - 0. List the prime factors of t(w).
11, 31
Let l be (-9)/(-15) - (-2)/5. Let y be (6 - 7)*(-3)/(l - 2). List the prime factors of -44*((-15)/4 - y).
3, 11
Let o = -27512 + 45861. List the prime factors of o.
59, 311
Suppose -7*d + 2*h = -2*d + 10, -5*h + 4 = -2*d. Let j be (-3)/d*3/(18/1000). Suppose 2*u + 66 = j. List the prime factors of u.
2, 23
Suppose z + 62 = 2*z. Let w = 59 - z. What are the prime factors of (w/(-9))/((-6)/(-702))?
3, 13
Let s = -12765 - -34898. What are the prime factors of s?
22133
Suppose 3*l + 2*l + 15 = 0. Let c be (l/(-5) + -1)*5. What are the prime factors of c - (-106 - 16/(-4))?
2, 5
Suppose 0 = f - w - 6, -4*f + 39 = -5*w + 12. Suppose -s + 0*s + 2*r = 7, f*r = 3*s + 21. Let c(v) = 6*v**2 + 14*v - 11. What are the prime factors of c(s)?
5, 37
Suppose x + 85*q = 83*q + 5969, 0 = -4*x - q + 23848. What are the prime factors of x?
3, 1987
Suppose 0 = -16*l - 5*l - 83975 + 417812. List the prime factors of l.
3, 7, 757
Let n = 13569 + 3554. What are the prime factors of n?
17123
Let h(s) = s**3 + 84*s**2 + 282*s + 14. What are the prime factors of h(-76)?
2, 5, 37, 67
Suppose -5*u - 58400 = -7*u + 43544. List the prime factors of u.
2, 12743
Let x(m) = 336*m + 440. What are the prime factors of x(19)?
2, 853
Suppose 3*h - 975 = 3*z, 9*z = 5*z - 20. Let q = h + 103. What are the prime factors of q?
3, 47
Let i(s) be the third derivative of s**6/60 + s**5/20 - s**4/6 + s**3/2 + 70*s**2. What are the prime factors of i(4)?
163
Let q be (-162)/45 - (-2)/(-10)*-3. Let i be 2 + -1 - (q + 0). Suppose -3*u + i*h + 0*h + 134 = 0, -20 = -5*h. What are the prime factors of u?
2, 5
Let j be (-2)/(-1) + (6 - (9 - 1)). Suppose -5*x + j*x = 4*w - 1528, -4*x + 1524 = 4*w. List the prime factors of w.
13, 29
Suppose -40 = -4*f - 4*f. Suppose f*x = -5*u + 1085, 211 = -3*u + 4*u - x. List the prime factors of u.
2, 107
Let w be (-7 + 205/15)/((-2)/777). Let c = 3816 + w. What are the prime factors of c?
2, 613
Let h = -7570 + 15087. What are the prime factors of h?
7517
What are the prime factors of (-1258704)/(-27) + -9 + 9 - (-1)/3?
46619
Let g(p) = -6165*p - 747. What are the prime factors of g(-6)?
3, 4027
Let c(m) = m**3 + 4*m**2 + 3*m + 2. Let y be c(-3). Suppose -y*t = -4*g - 604, 2*t + g - 633 = -34. List the prime factors of t.
2, 3, 5
Let a(c) = -4*c**3 + 5*c**2 + 11*c + 21. Let z be a(-5). Suppose -z*s - 728 = -595*s. List the prime factors of s.
2, 7, 13
Let j(q) = -q**3 + q**2 - q - 2. Let w be j(-2). Suppose w = -d + 13. What are the prime factors of (5 - (-47)/(-4))*d*-4?
3
Suppose -3*y = 2*s - 2178 - 2006, -y + 1398 = -s. List the prime factors of y.
2, 349
Let i(j) = j**3 - 13*j**2 + 20*j + 42. List the prime factors of i(25).
2, 4021
Suppose -11*d + 16157 = 18853 - 69147. What are the prime factors of d?
7, 863
Suppose 4*v + 3*r - 30 = r, 20 = 5*v - r. What are the prime factors of 144314/295 + 4/v?
2, 5, 7
Let j = 3309 + 132. What are the prime factors of j?
3, 31, 37
Suppose -18*y = -5*a - 19*y + 162606, -5*y - 97530 = -3*a. What are the prime factors of a?
2, 3, 5, 271
Let l(p) = 17*p**2 - 42*p + 256. List the prime factors of l(19).
3, 5, 373
Suppose -7*x = -4*x + 9. List the prime factors of (101/x)/(284/48 + -6).
2, 101
What are the prime factors of (-1086 + -4)/(5 + (-2934)/585)?
2, 5, 13, 109
Suppose 5*a = -f + 2760, -2*f + 2*a + 5475 = -3*a. List the prime factors of f.
3, 5, 61
Let v = 691 + -681. Suppose v*r + 6*r - 6064 = 0. List the prime factors of r.
379
List the prime factors of (-149196)/(-16) + 45/36.
2, 4663
Let o be (-110)/22 - 656/(-2). Let t = 436 - o. List the prime factors of t.
113
Suppose 5*q - 22260 = -3*n, 27*q - 17808 = 23*q - 2*n. What are the prime factors of q?
2, 3, 7, 53
Let q = -612 + 617. Suppose -q*v = -3*x - 5507, -34*v + 4416 = -30*v - 5*x. What are the prime factors of v?
7, 157
Suppose 75*m - 357779 + 22105 = 361976. List the prime factors of m.
2, 4651
Let u(q) = q**2 - 25*q - 55. Let s be u(-2). Let j = -3 + 1. What are the prime factors of (j/s)/(6/405)?
3, 5
Let b(j) be the first derivative of j**4/2 - 10*j**3/3 - 4*j**2 + 4*j + 65. What are the prime factors of b(7)?
2, 3
Let n(b) be the third derivative of -11*b**4/12 - 103*b**3/6 - 44*b**2 - 3. List the prime factors of n(-19).
3, 5, 7
Let h = 23 - 411. Let o = h - -746. What are the prime factors of o?
2, 179
Let n(t) = 12*t**2 - 13*t - 156. Suppose -5*q - 4*d - 19 = 0, 3*q + 15 = -2*q - 5*d. List the prime factors of n(q).
523
Let p = -22 - -33. Let b = p - 13. What are the prime factors of 9 + b*(-4 - -3)?
11
Let f(r) = -381*r - 1312. List the prime factors of f(-29).
7, 13, 107
Let t = 260 + -1023. Let k = -409 - t. What are the prime factors of k?
2, 3, 59
Let y(l) = -101*l**2 - 26*l + 57. Let f be y(3). What are the prime factors of (82/2)/((-30)/f)?
31, 41
Let h(x) = 6*x**2 + 13*x - 21. Let i be h(7). Suppose 4*g + i = -4*t, -5*t + 62 = -2*g - 127. Let k = 134 + g. List the prime factors of k.
2, 3, 7
Suppose 0 = t - 30 - 73. Let o be 532/494 + (-2)/26. List the prime factors of ((-4)/(-8))/(o/t)*2.
103
Let s = 82 + -58. Suppose -21*j + 3 = 